e
Is 826787 a multiple of 13?
True
Is 2180415 a multiple of 5?
True
Is 10 a factor of 52336?
False
Is 1945 a factor of 32640990?
True
Does 20 divide 2956680?
True
Does 20 divide 7730400?
True
Does 4 divide 143828?
True
Does 237 divide 298383?
True
Does 29 divide 5394?
True
Is 156 a factor of 349752?
True
Is 11 a factor of 523787?
True
Does 177 divide 1758431?
False
Is 27 a factor of 9201879?
False
Does 5 divide 79435?
True
Is 24 a factor of 914082?
False
Is 9220200 a multiple of 15?
True
Does 117 divide 78858?
True
Is 1244025 a multiple of 226?
False
Does 59 divide 170333?
True
Does 3 divide 12278?
False
Does 4 divide 741264?
True
Is 107529 a multiple of 2?
False
Is 58 a factor of 102660?
True
Does 15 divide 396330?
True
Does 27 divide 1017765?
True
Is 59 a factor of 8954489?
True
Is 1160120 a multiple of 437?
False
Does 20 divide 168768?
False
Is 543159 a multiple of 12?
False
Is 4212579 a multiple of 147?
True
Is 6 a factor of 96496?
False
Is 495360 a multiple of 320?
True
Is 59 a factor of 908210?
False
Is 160615 a multiple of 115?
False
Is 7690546 a multiple of 41?
False
Does 155 divide 29930?
False
Does 367 divide 524685?
False
Does 250 divide 533874?
False
Is 68495 a multiple of 31?
False
Does 180 divide 25068?
False
Does 502 divide 701196?
False
Does 19 divide 150670?
True
Is 65 a factor of 331955?
True
Is 289 a factor of 4605793?
True
Is 110047 a multiple of 438?
False
Is 531 a factor of 1188738?
False
Does 26 divide 1265914?
True
Is 1008425 a multiple of 475?
True
Is 56 a factor of 83920?
False
Is 523 a factor of 7995937?
False
Is 8167257 a multiple of 547?
True
Is 3 a factor of 6907477?
False
Does 19 divide 2084756?
True
Does 261 divide 46664?
False
Is 10 a factor of 2572750?
True
Does 14 divide 388038?
True
Is 12 a factor of 2119830?
False
Is 227991 a multiple of 313?
False
Is 3 a factor of 238952?
False
Is 13 a factor of 615329?
True
Does 24 divide 1048320?
True
Is 79 a factor of 379264?
False
Does 137 divide 2391978?
False
Is 92 a factor of 121256?
True
Does 32 divide 10926432?
True
Is 69 a factor of 679217?
False
Is 96171 a multiple of 64?
False
Is 968414 a multiple of 26?
False
Is 43189 a multiple of 35?
False
Is 2462178 a multiple of 478?
True
Is 2590816 a multiple of 8?
True
Is 110 a factor of 56332?
False
Is 77 a factor of 1278200?
True
Does 110 divide 99440?
True
Is 8741263 a multiple of 18?
False
Is 19 a factor of 47411?
False
Does 27 divide 4887852?
False
Is 5 a factor of 14769?
False
Does 37 divide 291978?
False
Is 1755 a factor of 999691?
False
Is 75114 a multiple of 78?
True
Does 323 divide 711408?
False
Does 45 divide 231600?
False
Does 13 divide 8109?
False
Does 9 divide 482459?
False
Is 13 a factor of 17083313?
True
Is 399 a factor of 5277597?
False
Is 50944 a multiple of 8?
True
Is 161682 a multiple of 3?
True
Does 6 divide 64503?
False
Is 19 a factor of 21603603?
False
Does 124 divide 101556?
True
Does 43 divide 938045?
True
Does 319 divide 8932?
True
Is 85 a factor of 70805?
True
Is 10 a factor of 2110?
True
Does 46 divide 105754?
True
Is 69 a factor of 149190?
False
Does 27 divide 369360?
True
Is 34 a factor of 7698680?
False
Does 41 divide 28987?
True
Does 70 divide 2215505?
False
Is 13766582 a multiple of 94?
True
Is 11 a factor of 286154?
True
Does 14 divide 56378?
True
Is 10 a factor of 4267660?
True
Is 271194 a multiple of 77?
True
Does 596 divide 5154888?
False
Is 79180 a multiple of 214?
True
Is 600121 a multiple of 161?
False
Does 11 divide 8477?
False
Does 26 divide 40068?
False
Is 6 a factor of 531020?
False
Is 320 a factor of 689920?
True
Does 141 divide 3989595?
True
Does 58 divide 279270?
True
Is 354 a factor of 289075?
False
Is 25 a factor of 5197127?
False
Is 2417578 a multiple of 858?
False
Is 6 a factor of 2670789?
False
Does 20 divide 3262000?
True
Does 2868 divide 3209292?
True
Is 35 a factor of 92120?
True
Does 19 divide 155477?
True
Is 11 a factor of 9251?
True
Does 5 divide 25498?
False
Does 54 divide 243378?
True
Is 163555 a multiple of 200?
False
Is 89205 a multiple of 285?
True
Is 9 a factor of 68328?
True
Is 13 a factor of 164074?
False
Is 550 a factor of 4425865?
False
Does 46 divide 28251155?
False
Is 176 a factor of 193594?
False
Is 27 a factor of 4077244?
False
Is 265361 a multiple of 56?
False
Is 616 a factor of 5962264?
True
Is 10 a factor of 1667038?
False
Is 774208 a multiple of 64?
True
Does 49 divide 4779077?
False
Is 19 a factor of 1606355?
True
Is 43585 a multiple of 9?
False
Is 21 a factor of 19409334?
True
Is 36 a factor of 30475?
False
Is 62013 a multiple of 12?
False
Does 371 divide 13319172?
False
Does 25 divide 261300?
True
Is 187 a factor of 436322?
False
Is 11 a factor of 152152?
True
Is 383 a factor of 376637?
False
Is 1915186 a multiple of 119?
True
Is 446 a factor of 286332?
True
Is 183480 a multiple of 20?
True
Is 354 a factor of 180186?
True
Is 6 a factor of 10890?
True
Is 18295 a multiple of 8?
False
Is 952 a factor of 2748071?
False
Is 295185 a multiple of 3?
True
Is 571554 a multiple of 27?
False
Is 4966947 a multiple of 27?
True
Is 5547466 a multiple of 177?
False
Is 14366 a multiple of 5?
False
Does 56 divide 617622?
False
Is 12 a factor of 412560?
True
Is 142 a factor of 1199628?
False
Is 3124697 a multiple of 831?
False
Is 26 a factor of 5434804?
False
Is 15 a factor of 1030485?
True
Is 4462 a multiple of 23?
True
Is 319 a factor of 15230?
False
Does 304 divide 791008?
True
Is 1120563 a multiple of 186?
False
Is 6 a factor of 707286?
True
Is 884626 a multiple of 103?
False
Is 281 a factor of 295269?
False
Is 31936 a multiple of 4?
True
Is 7 a factor of 66572?
False
Is 110546 a multiple of 19?
False
Does 13 divide 4160?
True
Does 6 divide 13343?
False
Does 369 divide 135526?
False
Does 62 divide 1937056?
False
Does 283 divide 342996?
True
Does 303 divide 20192748?
False
Is 696306 a multiple of 52?
False
Is 93 a factor of 179575?
False
Is 31 a factor of 2407717?
False
Is 3139276 a multiple of 400?
False
Is 208395 a multiple of 33?
True
Is 1413 a factor of 16636662?
True
Is 148 a factor of 298960?
True
Does 72 divide 22544?
False
Is 355 a factor of 2892433?
False
Is 247606 a multiple of 3?
False
Is 191340 a multiple of 18?
True
Does 107 divide 27460?
False
Is 23184 a multiple of 19?
False
Is 619 a factor of 14933994?
True
Does 9 divide 892677?
False
Is 223804 a multiple of 4?
True
Is 1316275 a multiple of 88?
False
Is 28 a factor of 319946?
False
Is 31 a factor of 724?
False
Is 32 a factor of 6851616?
True
Does 172 divide 529293?
False
Is 160380 a multiple of 396?
True
Is 4736482 a multiple of 108?
False
Is 20 a factor of 4599416?
False
Does 41 divide 388188?
True
Is 19521 a multiple of 24?
False
Does 85 divide 3655297?
False
Does 223 divide 173494?
True
Does 12 divide 138324?
True
Is 34 a factor of 122903?
False
Is 985725 a multiple of 12?
False
Is 287816 a multiple of 19?
False
Does 51 divide 36720?
True
Is 217122 even?
True
Is 111 a factor of 8103?
True
Does 625 divide 595625?
True
Does 273 divide 281800?
False
Does 186 divide 351897?
False
Is 7 a factor of 201558?
True
Does 10 divide 141457?
False
Does 3 divide 855839?
False
Is 1052 a factor of 7381884?
True
Is 6 a factor of 36150?
True
Does 65 divide 5031585?
True
Does 51 divide 1715231?
False
Is 1219978 a multiple of 854?
False
Does 684 divide 13228560?
True
Is 98 a factor of 3180296?
True
Is 49420 a multiple of 203?
False
Is 134 a factor of 262361?
False
Is 8 a factor of 4437891?
False
Is 52 a factor of 199446?
False
Is 177 a factor of 379311?
True
Is 956 a factor of 2001069?
False
Does 614 divide 846706?
True
Is 3706029 a multiple of 170?
False
Is 3591 a multiple of 7?
True
Is 29 a factor of 15689986?
True
Is 13 a factor of 1765192?
True
Is 1177950 a multiple of 150?
True
Is 848390 a multiple of 6?
False
Is 11 a factor of 9663093?
True
Is 13 a factor of 4689893?
True
Does 124 divide 19498673?
False
Is 13 a factor of 614224?
True
Is 4916140 a multiple of 10?
True
Is 2029802 a multiple of 389?
True
Does 3 divide 71274?
True
Is 2 a factor of 108047?
False
Is 1332090 a multiple of 45?
True
Is 108 a factor of 573831?
False
Does 51 divide 933963?
True
Does 328 divide 100617?
False
Does 95 divide 5072050?
True
Is 1302 a factor of 6416256?
True
Is 14 a factor of 7263368?
True
Is 128 a factor of 25356?
Fa